{"id":1707,"date":"2020-05-01T07:52:46","date_gmt":"2020-05-01T07:52:46","guid":{"rendered":"https:\/\/www.test-nu.nl\/?page_id=1707"},"modified":"2025-12-09T14:07:45","modified_gmt":"2025-12-09T14:07:45","slug":"passie","status":"publish","type":"page","link":"https:\/\/www.coachtime.nl\/index.php\/passie\/","title":{"rendered":"Over mij"},"content":{"rendered":"\n<p><em>Je lichaam liegt nooit en je hoofd is \u00e9\u00e9n grote mindF*CK!<\/em><\/p>\n\n\n\n<p>Zo is het. <br><br>Mijn wieg stond in een klein dorp in Groningen. Ik werd geboren als eerste kind van mijn ouders (1966). Als enige dochter in een gezin van vier hoorde ik vaak dat ik als oudste &#8216;de wijste&#8217; moest zijn. Mijn ouders dachten over mij &#8216;Els redt zich wel&#8217; en zo werd ik snel zelfstandig en dopte ik mijn eigen boontjes. Zo ondersteunde ik eigenlijk mijn ouders, ze hadden weinig omkijken naar mij. Ergens in mijn leven ging dit tegen me werken en kreeg ik mentale en lichamelijke klachten. Wat ik moest leren in het leven is dat ik anderen nodig heb; dat ik het wel z\u00e9lf maar niet all\u00e9\u00e9n hoefde te doen. Mijn lichaam gaf me de signalen.<br><br>Er is een interessante rode draad te ontdekken waardoor ik nu doe wat ik doe als registercounsellor ABvC\u00ae. Mijn geschiedenisboek, het leven van mijn ouders en voorouders bepaalden mijn vorming. In de loop van de tijd heb ik geleerd\u00a0dat elke individuele vraag, elk\u00a0persoonlijk verhaal, per definitie groter is dan het op het eerste gezicht lijkt. Ik bekijk vragen vanuit een groter geheel en aanschouw samen met jou de context van jouw vraag.<\/p>\n\n\n\n<div class=\"wp-block-columns is-layout-flex wp-container-core-columns-is-layout-9d6595d7 wp-block-columns-is-layout-flex\">\n<div class=\"wp-block-column is-layout-flow wp-block-column-is-layout-flow\" style=\"flex-basis:50%\">\n<p>Lees meer &#8220;<a aria-label=\"undefined (opent in een nieuwe tab)\" href=\"https:\/\/www.coachtime.nl\/wp-content\/uploads\/2023\/02\/Over-identiteit.pdf\" target=\"_blank\" rel=\"noreferrer noopener\">Over Identiteit<\/a>&#8220;<\/p>\n<\/div>\n\n\n\n<div class=\"wp-block-column is-layout-flow wp-block-column-is-layout-flow\" style=\"flex-basis:50%\">\n<figure class=\"wp-block-image size-large is-resized is-style-rounded\"><img loading=\"lazy\" decoding=\"async\" width=\"1024\" height=\"683\" src=\"https:\/\/www.coachtime.nl\/wp-content\/uploads\/2025\/01\/els-over-mij-1024x683.jpg\" alt=\"\" class=\"wp-image-2350\" style=\"object-fit:cover;width:365px;height:237px\" srcset=\"https:\/\/www.coachtime.nl\/wp-content\/uploads\/2025\/01\/els-over-mij-1024x683.jpg 1024w, https:\/\/www.coachtime.nl\/wp-content\/uploads\/2025\/01\/els-over-mij-300x200.jpg 300w, https:\/\/www.coachtime.nl\/wp-content\/uploads\/2025\/01\/els-over-mij-768x512.jpg 768w, https:\/\/www.coachtime.nl\/wp-content\/uploads\/2025\/01\/els-over-mij-1536x1025.jpg 1536w, https:\/\/www.coachtime.nl\/wp-content\/uploads\/2025\/01\/els-over-mij-2048x1366.jpg 2048w\" sizes=\"auto, (max-width: 1024px) 100vw, 1024px\" \/><\/figure>\n<\/div>\n<\/div>\n\n\n\n<p><\/p>\n\n\n\n<p><\/p>\n","protected":false},"excerpt":{"rendered":"<p>Je lichaam liegt nooit en je hoofd is \u00e9\u00e9n grote mindF*CK! Zo is het. Mijn wieg stond in een klein dorp in Groningen. Ik werd geboren als eerste kind van mijn ouders (1966). Als enige dochter in een gezin van vier hoorde ik vaak dat ik als oudste &#8216;de wijste&#8217; moest zijn. Mijn ouders dachten [&hellip;]<\/p>\n","protected":false},"author":1,"featured_media":0,"parent":0,"menu_order":0,"comment_status":"closed","ping_status":"closed","template":"","meta":{"_genesis_hide_title":false,"_genesis_hide_breadcrumbs":false,"_genesis_hide_singular_image":false,"_genesis_hide_footer_widgets":false,"_genesis_custom_body_class":"","_genesis_custom_post_class":"","_genesis_layout":"","footnotes":""},"class_list":{"0":"post-1707","1":"page","2":"type-page","3":"status-publish","5":"entry"},"yoast_head":"<!-- This site is optimized with the Yoast SEO plugin v27.5 - https:\/\/yoast.com\/product\/yoast-seo-wordpress\/ -->\n<title>Over mij - Coachtime<\/title>\n<meta name=\"robots\" content=\"index, follow, max-snippet:-1, max-image-preview:large, max-video-preview:-1\" \/>\n<link rel=\"canonical\" href=\"https:\/\/www.coachtime.nl\/index.php\/passie\/\" \/>\n<meta property=\"og:locale\" content=\"nl_NL\" \/>\n<meta property=\"og:type\" content=\"article\" \/>\n<meta property=\"og:title\" content=\"Over mij - Coachtime\" \/>\n<meta property=\"og:description\" content=\"Je lichaam liegt nooit en je hoofd is \u00e9\u00e9n grote mindF*CK! Zo is het. Mijn wieg stond in een klein dorp in Groningen. Ik werd geboren als eerste kind van mijn ouders (1966). Als enige dochter in een gezin van vier hoorde ik vaak dat ik als oudste &#8216;de wijste&#8217; moest zijn. Mijn ouders dachten [&hellip;]\" \/>\n<meta property=\"og:url\" content=\"https:\/\/www.coachtime.nl\/index.php\/passie\/\" \/>\n<meta property=\"og:site_name\" content=\"Coachtime\" \/>\n<meta property=\"article:modified_time\" content=\"2025-12-09T14:07:45+00:00\" \/>\n<meta property=\"og:image\" content=\"https:\/\/www.coachtime.nl\/wp-content\/uploads\/2025\/01\/els-over-mij-scaled.jpg\" \/>\n\t<meta property=\"og:image:width\" content=\"2560\" \/>\n\t<meta property=\"og:image:height\" content=\"1708\" \/>\n\t<meta property=\"og:image:type\" content=\"image\/jpeg\" \/>\n<meta name=\"twitter:card\" content=\"summary_large_image\" \/>\n<meta name=\"twitter:label1\" content=\"Geschatte leestijd\" \/>\n\t<meta name=\"twitter:data1\" content=\"2 minuten\" \/>\n<script type=\"application\/ld+json\" class=\"yoast-schema-graph\">{\"@context\":\"https:\\\/\\\/schema.org\",\"@graph\":[{\"@type\":\"WebPage\",\"@id\":\"https:\\\/\\\/www.coachtime.nl\\\/index.php\\\/passie\\\/\",\"url\":\"https:\\\/\\\/www.coachtime.nl\\\/index.php\\\/passie\\\/\",\"name\":\"Over mij - Coachtime\",\"isPartOf\":{\"@id\":\"https:\\\/\\\/www.coachtime.nl\\\/#website\"},\"primaryImageOfPage\":{\"@id\":\"https:\\\/\\\/www.coachtime.nl\\\/index.php\\\/passie\\\/#primaryimage\"},\"image\":{\"@id\":\"https:\\\/\\\/www.coachtime.nl\\\/index.php\\\/passie\\\/#primaryimage\"},\"thumbnailUrl\":\"https:\\\/\\\/www.coachtime.nl\\\/wp-content\\\/uploads\\\/2025\\\/01\\\/els-over-mij-1024x683.jpg\",\"datePublished\":\"2020-05-01T07:52:46+00:00\",\"dateModified\":\"2025-12-09T14:07:45+00:00\",\"breadcrumb\":{\"@id\":\"https:\\\/\\\/www.coachtime.nl\\\/index.php\\\/passie\\\/#breadcrumb\"},\"inLanguage\":\"nl-NL\",\"potentialAction\":[{\"@type\":\"ReadAction\",\"target\":[\"https:\\\/\\\/www.coachtime.nl\\\/index.php\\\/passie\\\/\"]}]},{\"@type\":\"ImageObject\",\"inLanguage\":\"nl-NL\",\"@id\":\"https:\\\/\\\/www.coachtime.nl\\\/index.php\\\/passie\\\/#primaryimage\",\"url\":\"https:\\\/\\\/www.coachtime.nl\\\/wp-content\\\/uploads\\\/2025\\\/01\\\/els-over-mij-scaled.jpg\",\"contentUrl\":\"https:\\\/\\\/www.coachtime.nl\\\/wp-content\\\/uploads\\\/2025\\\/01\\\/els-over-mij-scaled.jpg\",\"width\":2560,\"height\":1708},{\"@type\":\"BreadcrumbList\",\"@id\":\"https:\\\/\\\/www.coachtime.nl\\\/index.php\\\/passie\\\/#breadcrumb\",\"itemListElement\":[{\"@type\":\"ListItem\",\"position\":1,\"name\":\"Home\",\"item\":\"https:\\\/\\\/www.coachtime.nl\\\/\"},{\"@type\":\"ListItem\",\"position\":2,\"name\":\"Over mij\"}]},{\"@type\":\"WebSite\",\"@id\":\"https:\\\/\\\/www.coachtime.nl\\\/#website\",\"url\":\"https:\\\/\\\/www.coachtime.nl\\\/\",\"name\":\"Coachtime\",\"description\":\"Sta even stil om verder te komen\",\"potentialAction\":[{\"@type\":\"SearchAction\",\"target\":{\"@type\":\"EntryPoint\",\"urlTemplate\":\"https:\\\/\\\/www.coachtime.nl\\\/?s={search_term_string}\"},\"query-input\":{\"@type\":\"PropertyValueSpecification\",\"valueRequired\":true,\"valueName\":\"search_term_string\"}}],\"inLanguage\":\"nl-NL\"}]}<\/script>\n<!-- \/ Yoast SEO plugin. -->","yoast_head_json":{"title":"Over mij - Coachtime","robots":{"index":"index","follow":"follow","max-snippet":"max-snippet:-1","max-image-preview":"max-image-preview:large","max-video-preview":"max-video-preview:-1"},"canonical":"https:\/\/www.coachtime.nl\/index.php\/passie\/","og_locale":"nl_NL","og_type":"article","og_title":"Over mij - Coachtime","og_description":"Je lichaam liegt nooit en je hoofd is \u00e9\u00e9n grote mindF*CK! Zo is het. Mijn wieg stond in een klein dorp in Groningen. Ik werd geboren als eerste kind van mijn ouders (1966). Als enige dochter in een gezin van vier hoorde ik vaak dat ik als oudste &#8216;de wijste&#8217; moest zijn. Mijn ouders dachten [&hellip;]","og_url":"https:\/\/www.coachtime.nl\/index.php\/passie\/","og_site_name":"Coachtime","article_modified_time":"2025-12-09T14:07:45+00:00","og_image":[{"width":2560,"height":1708,"url":"https:\/\/www.coachtime.nl\/wp-content\/uploads\/2025\/01\/els-over-mij-scaled.jpg","type":"image\/jpeg"}],"twitter_card":"summary_large_image","twitter_misc":{"Geschatte leestijd":"2 minuten"},"schema":{"@context":"https:\/\/schema.org","@graph":[{"@type":"WebPage","@id":"https:\/\/www.coachtime.nl\/index.php\/passie\/","url":"https:\/\/www.coachtime.nl\/index.php\/passie\/","name":"Over mij - Coachtime","isPartOf":{"@id":"https:\/\/www.coachtime.nl\/#website"},"primaryImageOfPage":{"@id":"https:\/\/www.coachtime.nl\/index.php\/passie\/#primaryimage"},"image":{"@id":"https:\/\/www.coachtime.nl\/index.php\/passie\/#primaryimage"},"thumbnailUrl":"https:\/\/www.coachtime.nl\/wp-content\/uploads\/2025\/01\/els-over-mij-1024x683.jpg","datePublished":"2020-05-01T07:52:46+00:00","dateModified":"2025-12-09T14:07:45+00:00","breadcrumb":{"@id":"https:\/\/www.coachtime.nl\/index.php\/passie\/#breadcrumb"},"inLanguage":"nl-NL","potentialAction":[{"@type":"ReadAction","target":["https:\/\/www.coachtime.nl\/index.php\/passie\/"]}]},{"@type":"ImageObject","inLanguage":"nl-NL","@id":"https:\/\/www.coachtime.nl\/index.php\/passie\/#primaryimage","url":"https:\/\/www.coachtime.nl\/wp-content\/uploads\/2025\/01\/els-over-mij-scaled.jpg","contentUrl":"https:\/\/www.coachtime.nl\/wp-content\/uploads\/2025\/01\/els-over-mij-scaled.jpg","width":2560,"height":1708},{"@type":"BreadcrumbList","@id":"https:\/\/www.coachtime.nl\/index.php\/passie\/#breadcrumb","itemListElement":[{"@type":"ListItem","position":1,"name":"Home","item":"https:\/\/www.coachtime.nl\/"},{"@type":"ListItem","position":2,"name":"Over mij"}]},{"@type":"WebSite","@id":"https:\/\/www.coachtime.nl\/#website","url":"https:\/\/www.coachtime.nl\/","name":"Coachtime","description":"Sta even stil om verder te komen","potentialAction":[{"@type":"SearchAction","target":{"@type":"EntryPoint","urlTemplate":"https:\/\/www.coachtime.nl\/?s={search_term_string}"},"query-input":{"@type":"PropertyValueSpecification","valueRequired":true,"valueName":"search_term_string"}}],"inLanguage":"nl-NL"}]}},"_links":{"self":[{"href":"https:\/\/www.coachtime.nl\/index.php\/wp-json\/wp\/v2\/pages\/1707","targetHints":{"allow":["GET"]}}],"collection":[{"href":"https:\/\/www.coachtime.nl\/index.php\/wp-json\/wp\/v2\/pages"}],"about":[{"href":"https:\/\/www.coachtime.nl\/index.php\/wp-json\/wp\/v2\/types\/page"}],"author":[{"embeddable":true,"href":"https:\/\/www.coachtime.nl\/index.php\/wp-json\/wp\/v2\/users\/1"}],"replies":[{"embeddable":true,"href":"https:\/\/www.coachtime.nl\/index.php\/wp-json\/wp\/v2\/comments?post=1707"}],"version-history":[{"count":36,"href":"https:\/\/www.coachtime.nl\/index.php\/wp-json\/wp\/v2\/pages\/1707\/revisions"}],"predecessor-version":[{"id":2423,"href":"https:\/\/www.coachtime.nl\/index.php\/wp-json\/wp\/v2\/pages\/1707\/revisions\/2423"}],"wp:attachment":[{"href":"https:\/\/www.coachtime.nl\/index.php\/wp-json\/wp\/v2\/media?parent=1707"}],"curies":[{"name":"wp","href":"https:\/\/api.w.org\/{rel}","templated":true}]}}